divided by c(-5)?
31
Suppose -60*h + 1353 = -27. Calculate the remainder when 275 is divided by h.
22
Let w(x) = 10 - 7*x - 4 - 5*x + 3*x - x**2. Let u be w(-9). Calculate the remainder when 58 is divided by 3*(-4)/u - -22.
18
Let m(h) = 4*h + 0*h - 12 + 2*h + h**2. Suppose 22*z = 6*z - 144. What is the remainder when m(z) is divided by 9?
6
Let a = -103 - -226. Suppose 5*g + 3*d - a = 363, -105 = -g + 2*d. What is the remainder when g is divided by 17?
14
Let f = -32 + 62. Calculate the remainder when 130/4 - -9*(-5)/f is divided by 5.
1
Suppose -3*y + 12 = y. Suppose 0*u - 5*u - 5*o = -50, 3*o + 30 = y*u. What is the remainder when 21 is divided by (25/u)/((-10)/(-24))?
3
Suppose 3*b + 4*f = 6, 2*b - 2 = -3*f + 1. Suppose 3*y - 34 = y. Calculate the remainder when y is divided by b.
5
Suppose 5*j - 26 = -2*o, j - o - 10 + 2 = 0. Suppose 0 = -j*q + 2*q + 36. Calculate the remainder when -3 - ((-4)/6 + (-246)/9) is divided by q.
7
Suppose -3*l + 99 - 33 = 0. What is the remainder when l is divided by 3?
1
Suppose 0 = -9*k + 3*k - 5*q + 537, -2*k = 5*q - 189. Calculate the remainder when 691 is divided by k.
82
Let g(f) = f**3 - 16*f**2 - 18*f + 24. Let l be g(17). Let w(v) = v**3 - 7*v**2 + 2*v - 9. Calculate the remainder when (-14)/(-2) + 3 + -4 is divided by w(l).
1
Let h(u) = u**2 + 10*u - 65. What is the remainder when h(-17) is divided by 34?
20
What is the remainder when 156 is divided by (-3)/((3/(-3))/(106/6))?
50
Calculate the remainder when (-102)/(-153) + 524/6 is divided by 56.
32
Let r = 68 - 60. Suppose 2*n + 10 = 0, -3*z + r*z = -3*n + 45. What is the remainder when 34 is divided by z?
10
Let k = 87 - 82. Suppose k + 72 = 7*z. Calculate the remainder when 37 is divided by z.
4
Suppose -t + 4*h = -53, -h = 3*t - 95 - 51. Let j(p) = -p**2 - 6*p - 2. Let c be j(-4). Suppose -l - c*l = -t. Calculate the remainder when 25 is divided by l.
4
Let r(n) be the second derivative of n**4/6 - n**3/2 + 5*n. Let d be r(2). Calculate the remainder when 13 is divided by d + 7 - 1*2.
6
Suppose -2*x + 13 + 19 = 0. Let m(c) = -9*c**3 + c**2 - c - 1. Let r be m(-1). Suppose 0 = -r*j + 6*j + 184. Calculate the remainder when j is divided by x.
14
Let l = 1253 - 1243. Calculate the remainder when 277 is divided by l.
7
Suppose -z - 84 = -5*z. Suppose -2*b = -k + 33, 3*k - 7*k + 127 = -3*b. What is the remainder when z is divided by (36 - k)*(-24)/(-10)?
9
Suppose 24 - 16 = 2*s. Calculate the remainder when 243 is divided by (-2 + s)*-1 + -3 + 40.
33
Suppose -8*q = 10 - 594. Suppose 5*a + 28 = 153. What is the remainder when q is divided by a?
23
Suppose 69*b = 43*b + 1274. What is the remainder when b is divided by 41?
8
Suppose 0 = h - f - 88, 8*h - 3*f - 448 = 3*h. Let d(o) = -9*o + 244. What is the remainder when h is divided by d(25)?
16
Let w(a) = 3*a + 9. Let v(k) = 5*k + 17. Let g(u) = 4*v(u) - 7*w(u). Let i be g(12). Let h = i + 12. What is the remainder when 9 is divided by h?
4
Suppose -16 = 2*k - 6*k. Let j be (10/k)/((-2)/(-60)). Suppose -2*f - 1 = -j. What is the remainder when f is divided by 13?
11
Suppose -8*h = -52 + 4. Calculate the remainder when 89 is divided by h.
5
Let n = 1130 - 1094. Suppose 5*k - 203 - 152 = 0. Calculate the remainder when k is divided by n.
35
Let o = -44 - -46. Suppose -j - 25 = -s, 3*j = o*s - 0*s - 49. Calculate the remainder when s is divided by 16.
10
Let y(v) be the third derivative of v**6/120 - 3*v**5/20 + 11*v**4/24 + v**3/3 - 3*v**2. What is the remainder when y(8) is divided by 14?
12
Let y = 159 - 112. What is the remainder when y is divided by 8?
7
Suppose v - 4 = -0. Suppose -p = v*p + 4*y - 75, -3*y + 26 = p. Let o(u) = -u**3 - 2*u**2 + 2*u - 3. What is the remainder when o(-4) is divided by p?
10
Suppose -1566 + 3982 = 8*h. What is the remainder when h is divided by 19?
17
Let v = -54 + 123. Calculate the remainder when 412 is divided by v.
67
Let i(b) = -2*b**3 - 3*b**2 - 6. Let f be i(-4). Let a = -45 + f. Calculate the remainder when a is divided by 8.
5
Let g = 112 - 57. Calculate the remainder when g is divided by 29.
26
Suppose -50*x - 2730 = -120*x. Suppose -g = g - 20. Calculate the remainder when x is divided by g.
9
Let f = -45 + 49. Let r(g) = -g**3 + 4*g**2 + 4*g + 7. Calculate the remainder when 350/8 + (-1)/(-4) is divided by r(f).
21
Suppose -8 = 2*a, 5*g = -2*a - 12 + 84. What is the remainder when 159 is divided by g?
15
Suppose 70*k - 61*k = -159*k + 3192. Let b = -70 + 178. Suppose q + c = -0*q + b, c = q - 118. What is the remainder when q is divided by k?
18
Let u(o) = 3*o + 4. What is the remainder when (6 - 5) + (175/(-10))/((-2)/8) is divided by u(7)?
21
What is the remainder when ((-2)/1)/(4585/(-763) - -6) is divided by 113?
105
Suppose 0*p + 4*p = -a + 43, 0 = -p - 3*a + 8. Let g(o) = 2*o**2 - 15*o - 16. What is the remainder when g(p) is divided by 16?
13
Let s(p) = p**2 + 15*p + 15. Let u be s(-13). What is the remainder when 759/u*4/(-6) is divided by 13?
7
What is the remainder when (-2)/(-1 + (-54)/(-58)) is divided by ((-128)/44 - -3) + 2470/418?
5
Let q(n) = -4*n - 11. Let r(k) = -5*k + 20. Let x be r(6). Calculate the remainder when q(x) is divided by 11.
7
Let j be 0 + (-3)/(-1) + -2. What is the remainder when 191 is divided by (1 - (2 - 3))/(j/16)?
31
Let z(q) = -7*q**2 - 3*q - 6. Let f be z(-3). Suppose 51 + 127 = -2*i. Let c = f - i. What is the remainder when c is divided by 15?
14
Let m(g) = -g**2 - 8*g - 2. Let s be m(-7). Suppose -j + 2*j + k + 7 = 0, 5*j - s*k = 5. Calculate the remainder when 28 is divided by (1 + j)*(-30)/4.
13
Suppose 10*o = 85 + 75. Let b(n) = -n**3 + n**2 + n + 9. Let a be b(0). Suppose 0 = 3*d - 36 + a. Calculate the remainder when o is divided by d.
7
Suppose 2*h = 3 - 3. Suppose 3*a = -h*a + 105. What is the remainder when 103 is divided by a?
33
Let f(h) = -h**3 + 39*h**2 - 175*h + 177. Suppose 3*i - 25 = 50. What is the remainder when i is divided by f(34)?
4
Suppose 236*t - 230*t - 666 = 0. What is the remainder when t is divided by 23?
19
Let x = -230 + 359. What is the remainder when 240 is divided by x?
111
Let j = 403 - 376. Calculate the remainder when 132 is divided by j.
24
Suppose -4*t = -4*g - 1448, -t + 281 = 5*g - 111. Suppose -t - 121 = -4*n. Suppose -n = -4*j - 22. Calculate the remainder when j is divided by 7.
4
Let g = -155 - -258. Suppose g*w + 78 = 109*w. Calculate the remainder when w is divided by 1.
0
Suppose -17*q + 4 = -15*q. Suppose -46 = -2*p - q. Calculate the remainder when 42 is divided by p.
20
Let q = -167 + 249. Suppose 0 = -q*r + 77*r + 380. Let m = -27 + 40. What is the remainder when r is divided by m?
11
Let y be (-1029)/(-28) - 1/(-4). Suppose -k + y = -53. Suppose 8*z = 10*z - k. What is the remainder when z is divided by 23?
22
Let y(g) be the first derivative of 2*g**3/3 - 5*g - 15. Calculate the remainder when y(6) is divided by 24.
19
Suppose -x + d + 22 = 0, 7*d - 3*d - 32 = -2*x. Suppose 2*a - n = -0*n + 23, 3*a - 4*n = 37. Calculate the remainder when x is divided by a.
9
Let u = -333 - -405. What is the remainder when u is divided by 15?
12
Suppose 4*g + 5*r = 437, 3*g - r - 380 = -76. Calculate the remainder when g is divided by 25.
3
Suppose 12 = 3*l - l + 2*h, -2*h = 3*l - 15. Calculate the remainder when 89 is divided by l.
2
Let b be -5 + 5 + -1 + 3. Suppose b*h = 2*y - 3*h - 21, 17 = y + 4*h. Suppose -12 - 12 = -3*r. Calculate the remainder when y is divided by r.
5
Suppose 22 + 3 = 4*o - 3*h, -4*h = -4*o + 28. Suppose -o*f + 2*f + 30 = 0. Let v = 30 - f. What is the remainder when 28 is divided by v?
13
Let n = 43 - 45. Calculate the remainder when 49 is divided by -5*5*1*(n + 1).
24
Let w(j) = 5*j**2 - j - 3. Let v(g) be the third derivative of -g**4/24 + 3*g**3/2 + 3*g**2. Calculate the remainder when w(4) is divided by v(-10).
16
Suppose 5*z + 5*n - 144 = n, -5*z + 164 = -n. Suppose 0 = -3*a + 107 + 40. Let v = a + -40. What is the remainder when z is divided by v?
5
Let n(h) be the first derivative of h**3 - 4*h**2 + 4*h - 6. Let q be n(7). Suppose -3*y - 17 = -q. What is the remainder when 101 is divided by y?
23
What is the remainder when (-9)/(-27) - (-233)/3 is divided by 20?
18
Let v(t) = -t**3 - 8*t + 18. What is the remainder when 84 is divided by v(0)?